s of g.
1399
What are the prime factors of (-116)/(-87) - 16640/(-3)?
2, 19, 73
Suppose 14 = 5*a - 11. Suppose -a*j + 164 + 16 = 0. What are the prime factors of j?
2, 3
Let i be 1/(-2)*6 - 5. Let d(y) = 2*y + 17. Let v be d(i). What are the prime factors of 40 - (-1 - v - 1)?
43
Let y(x) = -22 + 6*x - 28 + 20 - x. List the prime factors of y(21).
3, 5
Suppose 5*y - 4*y - 10 = 0. Let c = y + 39. List the prime factors of c.
7
Suppose i - 2*i = -2. Suppose 3*p = 15, -4*z - i*p + 50 = -9*z. Let s(d) = d**3 + 9*d**2 + 5*d + 6. What are the prime factors of s(z)?
2, 3, 5
List the prime factors of ((-39)/4)/((-3)/80*4).
5, 13
What are the prime factors of ((-1852)/(-1))/((-17)/(255/(-10)))?
2, 3, 463
Let s = 78 + -73. Suppose -s*j + v + 915 = 0, -3*j + 541 = v - 0*v. What are the prime factors of j?
2, 7, 13
Let f(u) = u**2 + 4*u - 1. Let z be f(-9). Let y = 111 - z. List the prime factors of y.
67
Let b = 7 + -2. Suppose 2*n - b = n. Suppose -39 = -8*q + n*q. List the prime factors of q.
13
Let x(m) = m**3 + 4*m**2 + 2*m + 4. Let z be x(-4). Let p = z - -15. Let f = p + -6. List the prime factors of f.
5
Suppose 0 = -77*h + 76*h + 10. List the prime factors of (48/(-5))/((-2)/h).
2, 3
Let m be -1*-2*(-21)/6. Let b = m + 4. List the prime factors of (b + 2 - 0)*-2.
2
Suppose 0 = -5*c - d + 4596, 0*c + 904 = c + 4*d. Suppose 2*m + 8*m = c. List the prime factors of m.
2, 23
Let z(i) = 568*i - 13. List the prime factors of z(1).
3, 5, 37
Let h(a) = 2*a**2 + 14*a - 4. Let n be h(-8). Let y(q) = q**3 - 13*q**2 + 22*q + 7. What are the prime factors of y(n)?
127
Suppose 0 = -3*z - 2*k + 6274, 230*z = 231*z - 2*k - 2086. List the prime factors of z.
2, 5, 11, 19
Let s = 15 - 15. Suppose s = 6*r - r - 20. Suppose 3*g - 67 = -3*b + g, r*b - g - 82 = 0. List the prime factors of b.
3, 7
What are the prime factors of -4 + (1443 - 5) - 4?
2, 5, 11, 13
Let x be -4*(3 - 45/12). Suppose 4*c - x*c + 133 = 5*a, -4*a + 110 = -2*c. List the prime factors of a.
2, 13
Suppose -z + 1230 = -5*f, -2*z - 23*f + 19*f = -2460. List the prime factors of z.
2, 3, 5, 41
Suppose z = 2*g - 2*z - 11, 0 = 4*g - 5*z - 21. Suppose 4*u - 45 = -5*a + 67, g = a. What are the prime factors of u?
23
Let c = 124 - 46. Let y = c + -46. What are the prime factors of y?
2
Let u = -293 - -272. Let p = 2 - 8. Let r = p - u. What are the prime factors of r?
3, 5
List the prime factors of (2/(-11) - 5689/(-11)) + -3.
2, 257
Suppose 0 = 2*x + 3*x. Suppose -2*d + b + 9 = x, -b = b - 2. Suppose 4*y - 14 = -2*w, -d*y - 3*w = -w - 16. List the prime factors of y.
2
Suppose 12 + 4 = -4*x, x = -2*s + 294. List the prime factors of s.
149
Let v(d) = 388*d + 113. List the prime factors of v(6).
2441
Let f(m) = -134*m - 22. Let u be f(-7). Suppose -31*v + 27*v = -u. What are the prime factors of v?
229
Let t(q) = -31*q + 89. List the prime factors of t(-16).
3, 5, 13
Let u(a) = a**2 - a - 1. Let p be u(0). Let z(j) = 2*j - 20. Let o be z(12). List the prime factors of (1 - (o + p)) + 51.
7
Let f = -16 - -31. Suppose 4*g - g + 55 = 5*b, 3*g = 0. Suppose w - b = f. What are the prime factors of w?
2, 13
Suppose 4*b + b - 479 = -h, 3*b - 293 = -2*h. Suppose -z - 4*v + 33 = -68, -2*v = -z + b. What are the prime factors of z?
97
Let s = -13 - 15. List the prime factors of (-595)/10*48/s.
2, 3, 17
Suppose 20*t - 1352 = 4588. List the prime factors of t.
3, 11
Let n(f) = 8*f**2 + 5. Let m be (-2)/(12/(-6)) - -3. What are the prime factors of n(m)?
7, 19
Let x(z) = z**2 + 10*z + 15. What are the prime factors of x(9)?
2, 3, 31
Suppose 393 = 3*i - 4*u, -262 = -5*i + 3*i + u. Let h = -62 - -145. Let d = i - h. What are the prime factors of d?
2, 3
Let m(y) = y**2 + 16*y - 25. Let o be m(-17). Let u(x) = -9*x - 18. List the prime factors of u(o).
2, 3
Let j(r) be the third derivative of r**7/630 + r**6/360 + r**5/120 - r**4/4 + 9*r**2. Let u(o) be the second derivative of j(o). List the prime factors of u(3).
43
Suppose -l - 3 = -4*u, -18 = -4*u - 4*l + 10. Suppose 70 = -u*q + 7*q. List the prime factors of q.
2, 7
Suppose -3*u + 40 + 62 = 0. Suppose -10*o - u = -444. List the prime factors of o.
41
Suppose 6*o - 120 = 2*o. Suppose -4*j - 16 = -3*q, -4*j = -4*q + 28 - 12. Let a = o - q. What are the prime factors of a?
2, 3, 5
Let l(m) = 3*m**3 + 5*m**2 - 9*m - 55. List the prime factors of l(9).
2, 307
Let a = -1126 + 1782. List the prime factors of a.
2, 41
Let s(d) = d**3 - d**2 + 5*d - 1. What are the prime factors of s(4)?
67
Let k(i) = i**3 - 21*i**2 - 23*i - 20. List the prime factors of k(23).
509
Let b = 225 - 189. List the prime factors of b.
2, 3
Let a be ((-452)/(-4))/(2/2). Let o = a + -61. Suppose -z - o = -2*z. List the prime factors of z.
2, 13
Suppose -j - 2236 = -3*r, 3*r = 9*j - 13*j + 2216. What are the prime factors of r?
2, 3, 31
Let o = -134 + 256. Let m = o + 75. What are the prime factors of m?
197
Let t(r) = -r**2 + 9*r + 9. Let m(v) = -v**3 + 3*v**2 + 3*v - 2. Let a be m(4). Let n be (-7 + 0)*(a + 5). List the prime factors of t(n).
23
Suppose 0 = t + t - 22. Let m be t*(8 + -3 + -4). Suppose 31 = 3*h - m. List the prime factors of h.
2, 7
Suppose 2*c + 197 = 5*d + 4*c, 3*c - 29 = -d. Suppose 53 = 2*o - d. List the prime factors of o.
47
Let g be ((-8)/(-10))/(4/50). Suppose 6*b = b + g. Suppose -26 = -b*j + j. What are the prime factors of j?
2, 13
Let d(h) = -6*h - 22. Let t(s) = s**2 - 13*s - 9. Let u be t(13). What are the prime factors of d(u)?
2
Let h = -1 - -4. Suppose h*m - 132 = -0*m. List the prime factors of m.
2, 11
Suppose -s + 903 = -5*q, 433*s = 434*s - 2*q - 891. What are the prime factors of s?
883
Suppose 0 = 5*o - 3*o + 3*z - 2275, -5674 = -5*o - 3*z. What are the prime factors of o?
11, 103
Let z = 2335 - 3277. List the prime factors of ((-6)/(-9))/((-4)/z).
157
Let g = 785 - 6. What are the prime factors of g?
19, 41
Suppose -4*v + l + 20 = 0, -v + 5*l - 3*l + 12 = 0. Let r(a) = -2 - v*a + 3*a - 3*a - 2. What are the prime factors of r(-5)?
2
Suppose 0 = 2*c - 6 - 0. Suppose -c*h = 11*h - 3206. List the prime factors of h.
229
Let m(a) = -17*a**3 - 6 + 24*a**3 + 12*a - 8*a**3 + 2*a**2. What are the prime factors of m(-6)?
2, 3, 5, 7
Suppose 5*q - 29 + 49 = 0, -2*q = -k + 1326. List the prime factors of k.
2, 659
Let x = -61 + 32. Suppose -40*d + 29*d + 506 = 0. Let r = d + x. List the prime factors of r.
17
Let g(i) = 2*i**2 - 24*i + 24. Let z be g(11). Suppose 5*j = 2*h + 410, 375 = 5*j + 3*h + z*h. List the prime factors of j.
2, 5
Let v(a) = 12 + 18 - 10 + a + 1. Let j be v(-12). Let f(w) = w - 4. List the prime factors of f(j).
5
Let p(k) = -366*k + 59. What are the prime factors of p(-3)?
13, 89
Let j = 7148 + -4572. What are the prime factors of j?
2, 7, 23
Suppose 42*g - 29*g - 29978 = 0. What are the prime factors of g?
2, 1153
Let p(l) = -l**2 + 11*l - 10. Let r be p(9). Let i(f) = 2 - 6 + r*f - 11*f. What are the prime factors of i(-8)?
2, 5
Let n(l) be the second derivative of 31*l**3/6 - 3*l. Let a be n(-5). Let m = a - -228. List the prime factors of m.
73
What are the prime factors of (-16191)/14*(-5 + 3)?
3, 257
Let q be 42/(-8) - (-15)/60. Let k be (0 - -1)/((-5)/q). List the prime factors of 645/20 - k/4.
2
Let c(a) = 55*a**2 - 5*a - 3. What are the prime factors of c(-4)?
3, 13, 23
Suppose -25 = 5*b, -m - 2*b - 11 = -4. Suppose -i + 26 = m*w, -6*w = -w + 4*i - 41. List the prime factors of w.
3
Suppose 60*f = 49*f + 7909. What are the prime factors of f?
719
Suppose 8954 + 7854 = 44*u. What are the prime factors of u?
2, 191
Let p(v) = v - 2. Let y be p(0). Let l(x) = 0*x - 4*x - x - 5*x. What are the prime factors of l(y)?
2, 5
Suppose -3*r + 0*r - 4*a = -2567, -2*a - 3452 = -4*r. List the prime factors of r.
3, 7, 41
Let x = 139 - 706. Let c = x - -835. List the prime factors of c.
2, 67
Let k be 1703/(-39) - (-2)/3. Let b = k + 88. List the prime factors of b.
3, 5
Let s be (-4 - -1)*(-19 - -28). List the prime factors of (-2895)/s - (33/27 + -1).
107
What are the prime factors of (-4789)/(-10) - (-4)/40?
479
Suppose 0 = -5*p + 25, 13 = a + 3*p - 2*p. Suppose -3*j = -a*j + 15. What are the prime factors of (-2)/j*(-32 + -1)?
2, 11
Let v be (0 - -3)/3*-1. List the prime factors of ((-17)/34)/(v*(-1)/(-6)).
3
What are the prime factors of (-110